{"id":3736,"date":"2022-10-10T12:17:11","date_gmt":"2022-10-10T12:17:11","guid":{"rendered":"https:\/\/www.asociacionuncanny.org\/?page_id=3736"},"modified":"2022-10-10T12:17:12","modified_gmt":"2022-10-10T12:17:12","slug":"aviso-legal","status":"publish","type":"page","link":"https:\/\/www.asociacionuncanny.org\/?page_id=3736","title":{"rendered":"Aviso Legal"},"content":{"rendered":"\n<p>Bienvenido a este espacio. Como usuario, es importante que conozcas estos t\u00e9rminos antes de continuar navegando.&nbsp;<\/p>\n\n\n\n<p>Asociaci\u00f3n Social Ampliando Conciencia Uncanny como responsable de esta p\u00e1gina web, se compromete a procesar la informaci\u00f3n de nuestros usuarios y clientes con plenas garant\u00edas y cumplir con los requisitos nacionales y europeos que regulan la recopilaci\u00f3n y uso de datos personales de nuestros usuarios.<\/p>\n\n\n\n<p>Esta p\u00e1gina Web, por lo tanto, cumple de forma rigurosa con la Ley Org\u00e1nica de Protecci\u00f3n de Datos Personales 3\/2018 (en adelante LOPDGDD) y dem\u00e1s normativa aplicable, con el Reglamento (UE) 2016\/279 del Parlamento Europeo y del Consejo de 27 de abril de 2016 relativo a la protecci\u00f3n de las personas f\u00edsicas (en adelante RGPD) y con la Ley 34\/2002, de 11 de julio, de Servicios de la Sociedad de la Informaci\u00f3n y Comercio Electr\u00f3nico (en adelante LSSICE).&nbsp;<\/p>\n\n\n\n<p><strong>DATOS DEL RESPONSABLE<\/strong><\/p>\n\n\n\n<ul class=\"wp-block-list\"><li><strong>Identidad del Responsable:<\/strong>\u00a0Asociaci\u00f3n Social Ampliando Conciencia Uncanny<\/li><li><strong>Nombre comercial:<\/strong>\u00a0Uncanny<\/li><li><strong>NIF\/CIF:<\/strong> G-16745101<\/li><li><strong>Datos Registrales:<\/strong><\/li><li><strong>Direcci\u00f3n:<\/strong>\u00a0Cercados de Merino, N\u00ba 5, 35450 \u2013 Santa Mar\u00eda de Gu\u00eda, Gran Canaria<\/li><li><strong>Correo electr\u00f3nico:<\/strong>\u00a0info@asociacionuncanny.org<\/li><li><strong>Actividad:<\/strong>\u00a0Intervenciones Asistida con Animales (I.A.A.)<\/li><\/ul>\n\n\n\n<p><strong>CONDICIONES GENERALES DE USO<\/strong><\/p>\n\n\n\n<p>Las presentes Condiciones Generales regulan el uso (incluyendo el acceso) de las p\u00e1ginas web integrantes del sitio web de Asociaci\u00f3n Social Ampliando Conciencia Uncanny incluidos los contenidos y servicios puestos a disposici\u00f3n en ellas. Toda persona que acceda a la web&nbsp;<a href=\"http:\/\/www.profarme.es\">www.asociacionuncanny.org<\/a> &nbsp;(\u201cusuario\u201d) acepta someterse a las Condiciones Generales vigentes en cada momento. Por usuario se entiende a la persona que acceda, navegue, utilice o participe en los servicios y actividades desarrolladas en el sitio web.&nbsp;<\/p>\n\n\n\n<p><strong>DATOS PERSONALES QUE RECOPILAMOS Y C\u00d3MO LO HACEMOS<\/strong><br>Los t\u00e9rminos relativos a la privacidad y protecci\u00f3n de datos, est\u00e1n estipulados en nuestra Pol\u00edtica de privacidad.&nbsp;<\/p>\n\n\n\n<p><strong>OBLIGACIONES Y COMPROMISOS DE LOS USUARIOS<\/strong><\/p>\n\n\n\n<p>El usuario queda informado, y acepta que, el acceso a la presente web, no supone en modo alguno, el inicio de una relaci\u00f3n comercial con Asociaci\u00f3n Social Ampliando Conciencia Uncanny De esta forma, el usuario se compromete a utilizar la Web, sus servicios y contenidos sin contravenir la legislaci\u00f3n vigente, la buena fe, los usos generalmente aceptados y el orden p\u00fablico. As\u00ed mismo, queda prohibido, el uso de la Web con fines il\u00edcitos o lesivos contra Asociaci\u00f3n Social Ampliando Conciencia Uncanny o cualquier tercero o que, de cualquier forma, puedan causar perjuicio o impedir el normal funcionamiento de la Web.<\/p>\n\n\n\n<p>Respecto de los contenidos (informaciones, textos, gr\u00e1ficos, archivos de sonido y\/o imagen, fotograf\u00edas, dise\u00f1os, etc.), se proh\u00edbe:<\/p>\n\n\n\n<ul class=\"wp-block-list\"><li>Su reproducci\u00f3n, distribuci\u00f3n o modificaci\u00f3n, a menos que se cuente con la autorizaci\u00f3n de sus leg\u00edtimos titulares o resulte legalmente permitido.<\/li><li>Cualquier vulneraci\u00f3n de los derechos de la empresa o de sus leg\u00edtimos titulares sobre los mismos.<\/li><li>Su utilizaci\u00f3n para todo tipo de fines comerciales o publicitarios, distintos de los estrictamente permitidos.<\/li><li>Cualquier intento de obtener los contenidos de la Web por cualquier medio distinto de los que se pongan a disposici\u00f3n de los usuarios, as\u00ed como de los que habitualmente se empleen en la red, siempre que no causen perjuicio alguno a la Web de Asociaci\u00f3n Social Ampliando Conciencia Uncanny<\/li><\/ul>\n\n\n\n<p>En la utilizaci\u00f3n de la web&nbsp;www.asociacionuncanny.org&nbsp;el usuario se compromete a no llevar a cabo ninguna conducta que pudiera da\u00f1ar la imagen, los intereses y los derechos de Asociaci\u00f3n Social Ampliando Conciencia Uncanny o de terceros o que pudiera da\u00f1ar, inutilizar o sobrecargar el portal <a href=\"http:\/\/www.profarme.es\">www.asociacionuncanny.org<\/a> o que impidiera, de cualquier forma, la normal utilizaci\u00f3n de la web.<\/p>\n\n\n\n<p><br>No obstante, el usuario debe ser consciente de que las medidas de seguridad de los sistemas inform\u00e1ticos en Internet no son enteramente fiables y que, por tanto, Asociaci\u00f3n Social Ampliando Conciencia Uncanny &nbsp;no puede garantizar la inexistencia de malware u otros elementos que puedan producir alteraciones en los sistemas inform\u00e1ticos (software y hardware) del usuario o en sus documentos electr\u00f3nicos y ficheros contenidos en los mismos, aunque ponga todos los medios necesarios y las medidas de seguridad oportunas para evitar la presencia de estos elementos da\u00f1inos.&nbsp;<\/p>\n\n\n\n<p><strong>MEDIDAS DE SEGURIDAD<\/strong><\/p>\n\n\n\n<p><br>Los datos personales comunicados por el usuario a Asociaci\u00f3n Social Ampliando Conciencia Uncanny pueden ser almacenados ficheros, cuya responsabilidad corresponde en exclusiva a Asociaci\u00f3n Social Ampliando Conciencia Uncanny asumiendo esta todas las medidas de \u00edndole t\u00e9cnica, organizativa y de seguridad que garantizan la confidencialidad, integridad y calidad de la informaci\u00f3n contenida en las mismas de acuerdo con lo establecido en la normativa vigente en protecci\u00f3n de datos.<\/p>\n\n\n\n<p>Asociaci\u00f3n Social Ampliando Conciencia Uncanny utiliza un canal seguro y los datos transmitidos son cifrados gracias a protocolos a https, por tanto, garantizamos las mejores condiciones de seguridad para que la confidencialidad de los usuarios est\u00e9 garantizada.&nbsp;<\/p>\n","protected":false},"excerpt":{"rendered":"<p>Bienvenido a este espacio. Como usuario, es importante que conozcas estos t\u00e9rminos antes de continuar navegando.&nbsp; Asociaci\u00f3n Social Ampliando Conciencia Uncanny como responsable de esta p\u00e1gina web, se compromete a procesar la informaci\u00f3n de nuestros usuarios y clientes con plenas garant\u00edas y cumplir con los requisitos nacionales y europeos que regulan la recopilaci\u00f3n y uso de datos personales de nuestros usuarios. Esta p\u00e1gina Web, por lo tanto, cumple de forma rigurosa con la Ley Org\u00e1nica de Protecci\u00f3n de Datos Personales&hellip;<\/p>\n","protected":false},"author":1,"featured_media":0,"parent":0,"menu_order":0,"comment_status":"closed","ping_status":"closed","template":"","meta":{"footnotes":""},"class_list":["post-3736","page","type-page","status-publish","hentry"],"_links":{"self":[{"href":"https:\/\/www.asociacionuncanny.org\/index.php?rest_route=\/wp\/v2\/pages\/3736","targetHints":{"allow":["GET"]}}],"collection":[{"href":"https:\/\/www.asociacionuncanny.org\/index.php?rest_route=\/wp\/v2\/pages"}],"about":[{"href":"https:\/\/www.asociacionuncanny.org\/index.php?rest_route=\/wp\/v2\/types\/page"}],"author":[{"embeddable":true,"href":"https:\/\/www.asociacionuncanny.org\/index.php?rest_route=\/wp\/v2\/users\/1"}],"replies":[{"embeddable":true,"href":"https:\/\/www.asociacionuncanny.org\/index.php?rest_route=%2Fwp%2Fv2%2Fcomments&post=3736"}],"version-history":[{"count":1,"href":"https:\/\/www.asociacionuncanny.org\/index.php?rest_route=\/wp\/v2\/pages\/3736\/revisions"}],"predecessor-version":[{"id":3737,"href":"https:\/\/www.asociacionuncanny.org\/index.php?rest_route=\/wp\/v2\/pages\/3736\/revisions\/3737"}],"wp:attachment":[{"href":"https:\/\/www.asociacionuncanny.org\/index.php?rest_route=%2Fwp%2Fv2%2Fmedia&parent=3736"}],"curies":[{"name":"wp","href":"https:\/\/api.w.org\/{rel}","templated":true}]}}